3. Let w(f) = 372*f**2 + 15*f - 8. Is w(b) composite?
True
Suppose p = -0*p + 147. Let k = p - -940. Is k a composite number?
False
Let p(g) be the third derivative of 0*g + 0 + 1/5*g**5 + 16*g**2 + 5/3*g**3 - 5/24*g**4. Is p(-7) prime?
False
Suppose 2*i = 11*i - 702. Suppose -i*s + 2335 = -73*s. Is s a composite number?
False
Suppose 0 = 3*j + 4*m + m - 1162208, -5*m + 774802 = 2*j. Is j a prime number?
False
Suppose 0 = -27*z + 24*z - 9, 4*z + 2 = 5*v. Let c be (-2 - -1) + (-72 - 1). Is (v - 5)/(2/c - 0) prime?
False
Let h(n) = 2*n - 4. Let r be h(3). Suppose 0 = r*a - 8 + 4. Suppose 0*s - a*w = s - 417, -3*s + 1207 = -5*w. Is s a prime number?
True
Suppose d + 6062 = t - 5902, -4*d - 59824 = -5*t. Suppose 18*z = 20846 + t. Is z prime?
True
Suppose 5*p + u = 905405, 240*u = -3*p + 239*u + 543243. Is p a prime number?
True
Suppose 76*z + 8712 = 70*z. Let j = -805 - z. Is j composite?
False
Let y(t) = 11*t**2 + 4*t + 7. Let n(a) = 37*a - 1. Let p be n(1). Suppose k = 7*k + p. Is y(k) composite?
False
Suppose -5*g = -f + 487683, 129*f - 5*g - 2438495 = 124*f. Is f a composite number?
False
Suppose 0 = 5*w + 2*u + 13387, -2*u + 1602 = -w - 1085. Is w/(-18) - (-3)/18 composite?
False
Suppose -2*v + 3*v - 513 = 4*a, -2*a = -2*v + 1038. Suppose -3*c + v = -391. Suppose -3*t = t + 3*i - c, -5*i = -3*t + 257. Is t a prime number?
True
Suppose -1755190 = -2*g + 4*m, 2*m = -282*g + 285*g - 2632797. Is g prime?
True
Suppose 0 = 101*z + 215*z - 244141916. Is z a prime number?
False
Suppose -o = -q + 5, -3*q = -o + 5*o - 22. Let j(s) = 11*s**2 - 11*s + 10. Let d(u) = u**3 + u**2 - 1. Let y(g) = 3*d(g) - j(g). Is y(q) a prime number?
False
Let t = -3 - -3. Suppose 7*x + 6*x = t. Suppose 5*y - 878 - 21587 = x. Is y a prime number?
True
Is (-165 - 1506)*(-46)/6 a composite number?
True
Suppose -17*o + 118173 = -153300. Is o composite?
True
Suppose 3*r - 12 = -3. Suppose -r*s = -1718 - 601. Let x = s - 406. Is x a prime number?
True
Is (-1 + (-19358)/(-4))/(19 + 296/(-16)) a prime number?
True
Let h(o) be the third derivative of 254*o**5/5 - 7*o**4/24 - 3*o**3/2 + o**2 + 24*o. Is h(-2) composite?
False
Let z be 19/5 - 40/50. Let f(y) be the second derivative of 21*y**5/20 + y**4/3 - 2*y**3/3 - 5*y**2/2 - y. Is f(z) prime?
False
Is ((-223)/(-1338))/((-2)/(-2350596)) prime?
True
Let y = 28 + -30. Let n = y - -10. Let h(p) = p**3 + 3*p + 11. Is h(n) prime?
True
Suppose -282720 = -30*y + 3932910. Is y composite?
False
Suppose 6*c - b + 13 = 2*c, 5*c + b + 23 = 0. Let f be 1*c/14 - 296/(-56). Suppose -5*d + 1579 = -2*y + 66, 5*d - f*y = 1510. Is d prime?
False
Let o(p) = p**3 + 19*p**2 - 41*p + 23. Let z be o(-21). Is (3/((-6)/(-6724)))/z a prime number?
False
Let k = 194022 - -544027. Is k composite?
True
Let v = 37 - 29. Let m be ((-30)/v)/((-3)/636). Suppose 4*a - m = 433. Is a a composite number?
False
Is (-2)/5 + ((-23651212)/(-130))/26 prime?
True
Let g = 18867 + -5398. Let t = g + -6664. Is t prime?
False
Let k be 12/(-54) - 14/18. Let u be 37 + -11 + 0/(0 - k). Suppose 23*r - u*r + 1941 = 0. Is r a composite number?
False
Let k = 322776 + -139657. Is k composite?
False
Let c = -114 - -114. Suppose c = -7*z + 15*z - 75928. Is z composite?
False
Let r(i) = 32*i - 11. Let t be r(1). Let n(m) = 3*m**3 + 24*m**2 + 6*m - 62. Is n(t) prime?
True
Let f(p) be the second derivative of -p**5/20 - p**4/2 + p**3/6 + 11*p**2/2 + 36*p. Let m be f(-6). Suppose 0 = -m*q - 0*q + 2915. Is q prime?
False
Suppose j = 3*m - 18, 5*m = -7*j + 3*j + 30. Suppose -3*t + 423 = m. Is t a composite number?
False
Let w(n) = 74*n + 2. Suppose -7*c = -3*c + 12. Let y(j) = -148*j - 5. Let u(h) = c*y(h) - 5*w(h). Is u(1) a prime number?
True
Let g = 4 + -12. Let b(h) = -2*h**3 - 15*h**2 + 9*h + 14. Let t be b(g). Is 1653 - (t - 5 - 5) a composite number?
False
Let h(i) = -29*i**3 - 7*i**2 + 10*i + 3. Let w(q) = 59*q**3 + 13*q**2 - 19*q - 7. Let p(a) = -7*h(a) - 4*w(a). Let s be (-6)/90*-9*-5. Is p(s) composite?
False
Let d(j) be the second derivative of -17*j + 0 - 14*j**2 + 47/6*j**3. Is d(11) a composite number?
True
Let f(s) = -5*s + 9. Suppose 0 = -o + 2*o - 2*u + 17, -3*o = u + 58. Let m = o + 13. Is f(m) composite?
True
Let m be (-32118)/(-4) + (99/22 - 6). Let k = m - 5549. Is k a composite number?
True
Suppose 19*x - 3*x = -17721 - 9271. Let s(i) = 44*i**3 + 5*i**2 + i - 2. Let r be s(4). Let w = x + r. Is w a prime number?
False
Suppose 276853 = 5*z - 4*j, 212*z - 214*z + j = -110743. Is z composite?
False
Let m(f) = 1335*f**2 + 8*f - 5. Is m(6) composite?
True
Let r = -19 - -20. Let m be r + (-12396)/(-5) - 1/5. Suppose 4*u - 2*j - 1998 = 0, -5*u = -0*u + j - m. Is u a composite number?
True
Let m = 7013 - 3815. Suppose -3*i + m = 2*v - 1377, 4*v - 4*i = 9120. Is v composite?
True
Let o be (5/(-4))/((-2)/(-8)). Let k be ((-10)/4)/o*-20302. Let n = -6508 - k. Is n composite?
False
Suppose -3*c - 3*u + 14 = -c, -c + 5*u - 6 = 0. Suppose -c*f - 7*f + 3168 = 0. Suppose 0 = -2*b + 1534 - f. Is b prime?
False
Let m(w) = 3*w**3 + 2*w**2 - 4*w - 8. Let n be m(-2). Is (4/n)/(6/(-207960)) a prime number?
False
Let s(k) = 21481*k - 2407. Is s(30) a prime number?
False
Let f(z) be the second derivative of 13*z + 7*z**2 + 0 + 82/3*z**3. Is f(6) composite?
True
Is (-2 - (-3197727)/27)/((-3)/(-9)) a composite number?
False
Suppose 2*a - 141623 = 5*v, a + 3*v + 18766 = 89550. Is a composite?
True
Is (2/5 + (-15207426)/390)*-1 prime?
True
Suppose -592*j + 591*j + 3*m + 755 = 0, -3*m = -4*j + 3056. Let g = -1106 + 656. Let y = j - g. Is y composite?
False
Suppose -3*k - 39*k + 15055964 = -14*k. Is k composite?
True
Suppose -258*q + 283*q - 4547575 = 0. Is q a composite number?
False
Is (-1977)/2*(-4 - 506/33) a composite number?
True
Let b = -2157 + 3090. Let s = 1510 - b. Suppose s + 822 = g. Is g prime?
True
Let c(t) = -2654*t - 109. Suppose -o + 5*o + 3*z = -6, 6 = 3*z. Is c(o) prime?
True
Let c = 5072 + 14993. Is c a prime number?
False
Let s be 3/5*(-145)/(-29). Suppose 3505 = s*i - 4*f, 3*f + 4678 = -i + 5*i. Is i prime?
True
Let q(c) = 138781*c**2 - 255*c + 257. Is q(1) prime?
False
Let r(d) = -449*d**3 + 6*d**2 - 17*d - 5. Let t be r(6). Is (-10)/(-45) - t/45 a prime number?
True
Let b = -149 - -140. Let m be (b/15)/((-10)/1350). Let i = m + 290. Is i prime?
False
Suppose 0 = -2*g + 2*w - 42, 6*g + 48 = 3*g - 2*w. Is (-449298)/(-66) + g/33 prime?
False
Suppose 0 = -2*d - 7 - 1. Let p(c) = 2*c**3 - 2*c**2 + 7*c + 12. Let i(g) = -6*g**3 + 6*g**2 - 20*g - 35. Let j(r) = d*i(r) - 11*p(r). Is j(5) prime?
True
Let j be 8*100/(-80)*(-2)/5. Suppose -j*q = -5*k - 927, 2*k = q - 4*q + 701. Is q a prime number?
True
Let j(d) = -391*d**3 - 4*d**2 - d + 5. Let s(g) = 390*g**3 + 4*g**2 - g - 6. Let o(p) = 5*j(p) + 4*s(p). Is o(-2) a composite number?
False
Suppose 6*w + 2*w - 8 = 0. Let j be w*-1 - 4*6/(-24). Suppose j = -2*y + 2851 + 219. Is y a prime number?
False
Suppose 33*w = 247178 + 280525. Is w a prime number?
True
Is 408/40 + -10 - 133088/(-10) composite?
False
Let h = -623 - -657. Suppose -250610 = -h*j - 4*j. Is j prime?
False
Let u = -169499 + 290836. Is u composite?
True
Let g be (-45)/15 + (0 + -1801)*2. Suppose 0 = -7*t - 2*t - 20934. Let q = t - g. Is q composite?
False
Let s be (2/2*0)/3. Let r(j) = 2*j**3 - j**2 - j + 37087. Is r(s) prime?
True
Let y = 10518 - 4771. Is y a prime number?
False
Let s be 14879*3 - (23 - 26). Suppose 2*t + 3*j - 21459 + 3628 = 0, -5*t = -5*j - s. Is t composite?
False
Suppose 10 = -3*u - k - k, u + 15 = -3*k. Suppose 2*n - 2*n + 4*n = u. Suppose 3*j = -4*h + 4339, -4*j - 18 + 6 = n. Is h a composite number?
False
Suppose -9*y + 651 + 501 = 0. Let r = y + -128. Suppose -263 = -v + j - r*j, -4*v + 1053 = -5*j. Is v prime?
False
Let j(t) = -14*t**3 + 8*t**2 - 40*t - 693. Is j(-37) a composite number?
True
Let s = 387460 + -172829. Is s a prime number?
True
Suppose -2*k = -3*h - 7684, -4*h + 0*h = -5*k + 19203. Let n = k + -1866. Is n composite?
False
Suppose -u = 3*h - 15926, 0 = -0*u - 0*u - 2*h. Is u prime?
False
Suppose -4*r + 7822240 = 2*t, -2201*r + 2199*r = -2*t - 3911138. Is r a composite number?
True
Let x(z) = z**3 + z**2 - z. Let u(y) = y**2 + y - 20. Let h be u(-5). Let c be x(h). Suppose c = -6*w + 2*w + 6932. Is w prime?
True
Is (1/(-2))/((-1